72 + 17, -3*i + 2*t + 145 = 0. What is the greatest common factor of m and i?
15
Suppose 0 = 3*t - 64 - 224. Suppose -2*a - 234 = -5*a - 3*n, n - 156 = -2*a. Suppose 27*h = 246 + a. Calculate the highest common factor of t and h.
12
Suppose 5*a + 3*u = 4 + 2, 10 = 5*a + 5*u. Let m(w) = w**2 + w + 5. Let c be m(a). Suppose c*j = -266 + 766. What is the highest common divisor of 10 and j?
10
Let b(w) = -9*w**3 + 179*w + 356. Let y be b(-2). Calculate the greatest common factor of y and 126.
14
Suppose 39 = 5*b - 91. Let t = 57853 - 57814. Calculate the greatest common factor of b and t.
13
Let d be (12/5)/(6/15). Suppose -d*b + 10*b - 12 = 0. Suppose -829 = -b*v - w, 1391 = 3*v + 2*v + 4*w. Calculate the greatest common divisor of v and 25.
25
Let z(h) = -h**3 + 12*h**2 - 28*h + 192. Let n be z(11). Suppose -s = 4*s - n*a - 255, 5*a + 67 = s. Calculate the greatest common divisor of 799 and s.
47
Let x = 50 - -54. Suppose 9*s = 5*s + x. What is the greatest common factor of s and 26?
26
Let k(y) = -y**3 - 35*y**2 - 222*y - 59. Let g be k(-7). Let s be 41 + (0 - 0)/1. Calculate the greatest common divisor of g and s.
41
Suppose 683 = 3*u - 439. Suppose 3*k + 93*k = -13*k + 4796. What is the highest common divisor of k and u?
22
Suppose 7*q - 3*q = 280. Let f be (-18240)/(-260) + (-2)/13. Calculate the highest common factor of f and q.
70
Let k = -230 - -262. Suppose -17 = -3*u + 3*i + 43, u - k = -2*i. Calculate the highest common factor of 84 and u.
12
Let w(o) = 124*o**2 - 4*o + 5. Let l be w(0). Let q = 82 + -17. Calculate the greatest common divisor of q and l.
5
Suppose 47*j - 63710 = 54*j - 122*j. Calculate the highest common divisor of 4 and j.
2
Let u(z) = -z**3 + 12*z**2 - 29*z + 24. Let b be u(9). Suppose -b*a + 2*a + 1361 = -3*s, -3*a - 3*s = -1047. Calculate the highest common factor of a and 43.
43
Let f be (-16)/7 - (-1 - 25/(-35)). Let s be (f + (1 - 53))/(4/(-14)). Calculate the highest common factor of s and 27.
27
Suppose -4*z + 584 = 4*n, -4*z + 557 = -4*n - n. Let i = -20 - -12. Let o = 5 - i. Calculate the greatest common divisor of o and z.
13
Let r(p) = 4*p**3 - p + 1. Let w be r(1). Suppose -116*n + 10*n + 1590 = 0. What is the greatest common divisor of n and w?
1
Let k(g) = 7*g**2 - 67*g + 65. Let j be k(10). Suppose -4*q + 3*i + 156 = 7*i, 5*i - 5 = 0. What is the highest common divisor of j and q?
19
Let d be -14 + 4998 - -23 - 17. What is the greatest common factor of d and 50?
10
Let h(i) = 23*i**2 + 76*i + 27. Let f be h(-14). What is the greatest common divisor of 234 and f?
39
Let n be (-72)/648 - 813/(-27). What is the highest common divisor of n and 1110?
30
Let z = 4064 - 2914. What is the greatest common factor of 100 and z?
50
Let r(p) = 62*p**2 - 54*p + 332. Let l be r(5). Calculate the greatest common divisor of l and 104.
52
Suppose 0*w + 2*w = 8. Suppose 19 = c - 5*l + 3*l, w*l - 25 = -5*c. Suppose 7*a - c*a = -272. What is the greatest common divisor of a and 17?
17
Suppose -32*l + 28*l = f - 3, -4*l = 5*f - 143. Calculate the highest common factor of f and 19915.
35
Let v(l) = -118*l**2 - 2*l + 1. Let n be v(1). Let k = n + 129. Let m(p) = p**2 - 9*p + 45. Let b be m(k). What is the highest common divisor of b and 22?
11
Let u be 34846/2 + (-34 - -41) - (-1 + -6). What is the greatest common factor of 7 and u?
7
Suppose 90 = -y + q - 24, -352 = 3*y - q. Let a = -113 - y. Let v be 9 + 44 - (a - 1). Calculate the highest common divisor of 16 and v.
16
Suppose 5*f - 21 = -4*s, -9*f + 5*s - 22 = -11*f. Let c be 7*((-4)/(-28) + f). What is the greatest common factor of c and 8?
8
Suppose 6*n + 16 = 7*n. Let c be (-5)/20 + (-828)/n. Let p = -41 - c. What is the greatest common divisor of p and 33?
11
Let j(s) = 6*s + 22. Let d be j(-7). Let w = 25 + d. Suppose 0 = b - w*b + 320. What is the greatest common divisor of b and 10?
10
Suppose j = 3*t - 141, 0 = 4*j + 8 - 20. Suppose 15*b + t = 17*b. Suppose 0 = b*v - 26*v + 168. What is the greatest common divisor of v and 12?
12
Suppose 2*t + 73*f = 76*f + 102, 3*t + 5*f = 115. What is the highest common divisor of t and 3285?
45
Let m(z) = 2*z**3 + 2*z**2 - z + 451. Let b be m(0). Calculate the greatest common divisor of b and 22.
11
Suppose -5*q - 152 = -4*v, 9 - 9 = 5*q. Calculate the highest common divisor of v and 76.
38
Let b = 39 + -20. Let v = 19 + b. Suppose -18 - v = -7*p. Calculate the greatest common factor of 8 and p.
8
Let l be (-16)/3*(156135/(-140))/((-1)/(-2)). Calculate the greatest common factor of 24 and l.
8
Let v = -101 + 106. Suppose -8 = 2*p - 6, 3*u - v*p - 95 = 0. What is the highest common divisor of u and 75?
15
Suppose -27*h = -26*h - 23. Let o(v) = 75*v + 3. Let c be o(2). Let b = -107 + c. What is the highest common factor of h and b?
23
Let z(b) = 4*b. Let c be (-18)/(-4) - 6/8*-2. Let g be z(c). What is the greatest common divisor of g and 8?
8
Let i = 5397 - 5309. Calculate the highest common divisor of i and 1430.
22
Suppose 61*j + 4 = 62*j. Suppose -j*b = -48 - 0. Suppose z - 11 = 2*g + b, 2*g - 127 = -5*z. Calculate the highest common divisor of z and 10.
5
Let m = 4629 + 140. What is the greatest common divisor of 19 and m?
19
Suppose -5*c = 27*q - 23*q - 151, 2*c = 4*q - 130. Calculate the greatest common divisor of 1819 and q.
17
Suppose 4*k - 29 = -n, 53 = 2*n + 4*k - 21. Suppose -n*g + 55*g = 2210. What is the greatest common factor of 17 and g?
17
Let v(x) = -x**2 + 4*x - 3. Let g be v(7). Let m(q) = -170 - 186 - q + 353. Let a be m(g). What is the greatest common factor of a and 21?
21
Let u be -4 - (-4)/4 - 5. Let i be u*(-15)/(-6)*(-7)/(-4). Let s = i + 71. Calculate the greatest common factor of s and 18.
18
Suppose 0 = 10*t - 6*t + 4. Let p = t + 57. Suppose 51*z - p*z + 45 = 0. Calculate the greatest common factor of z and 81.
9
Suppose 4*r + 44 = -4*b, -b + 29 = r - 5*r. Let v be (-47)/(-4) - 2/r. Let z be 12 - (3 + (7 - 6)) - (-14 + 4). Calculate the highest common factor of v and z.
6
Let h(q) = 5*q**2 - 4*q - 15. Let w be h(-6). Suppose -w - 45 = -9*g. Calculate the greatest common factor of g and 234.
26
Let o = 602 + -594. Let w be (920/(-6))/((o/(-12))/1). Calculate the greatest common factor of w and 184.
46
Let o be ((-1)/6*2)/(1/(-159)). Suppose -11 = r - o. Calculate the greatest common divisor of r and 14.
14
Let x be (2*12/(-4))/((-3)/(-4)). Let w be 0 + (3*x)/(-6). Let m(h) = -17*h**3 - 2*h**2 - h. Let j be m(-1). What is the highest common divisor of w and j?
4
Let v = -22785 + 22787. Calculate the highest common divisor of v and 722.
2
Let p be (37/2)/(5/20). Suppose -4*w = -g - 96, -3*w = 3*g - p + 17. What is the greatest common divisor of w and 437?
23
Let y = -56 - -58. Let s(u) = -6*u**3 - 1. Let m be s(-1). Suppose -m*h = -11*h + 36. Calculate the greatest common divisor of y and h.
2
Let g = -82 + 64. Let f be 1*(19 + 2)*g/(-21). Let p be 14 - (-1)/((-1)/(-4)). Calculate the greatest common factor of p and f.
18
Let o(f) = -f**3 + 69*f**2 - 259*f - 41. Let r be o(65). Suppose 5*y - 475 = -5*k, 392 - 9 = 4*k + y. What is the greatest common divisor of r and k?
24
Suppose 6*t + 41 - 135 = 308. What is the highest common factor of t and 9?
1
Suppose -4*d + 0 = -16, -2*d - 964 = -4*b. Suppose 8*m = 386*m - 3979 + 577. Calculate the greatest common divisor of m and b.
9
Let k = 14488 - 14485. Suppose w = 5*r - 136, 5*r + w - 190 = -56. Calculate the greatest common factor of k and r.
3
Let i(c) = -2*c**2 - 24*c - 35. Let y be i(-10). Suppose 321 = y*m - r, -17 = -3*r - 5. What is the highest common divisor of 5 and m?
5
Suppose -44 = -6*n + 40. Suppose -s + 4*s - 3 = 0, 5*s + 1159 = 3*o. Let w be (-2)/(-4) - o/(-8). What is the highest common factor of w and n?
7
Let o(n) = 25*n - 157. Let d be o(13). Let i(j) = 9*j - 6. Let r be i(3). What is the greatest common divisor of r and d?
21
Let k(b) = 85*b - 11920. Let v be k(145). What is the highest common divisor of 1860 and v?
15
Let l = -146 - -220. What is the greatest common factor of 9694 and l?
74
Suppose 5*s + 25 = 0, -2*s - 146 = -9*b + 5*b. Let l = -27 - -65. Let o = l - b. What is the highest common divisor of o and 4?
4
Suppose 4*r - 12 - 20 = 0. Suppose -76 - 80 = -4*d + 4*b, 98*b = 95*b + 3. Calculate the greatest common divisor of